{"id":23,"date":"2014-08-25T14:46:38","date_gmt":"2014-08-25T13:46:38","guid":{"rendered":"http:\/\/www.ondesfragiles.delautrecote.fr\/?page_id=23"},"modified":"2014-09-15T13:22:55","modified_gmt":"2014-09-15T12:22:55","slug":"les-realisateurs","status":"publish","type":"page","link":"https:\/\/www.ondesfragiles.delautrecote.fr\/?page_id=23","title":{"rendered":"Les r\u00e9alisateurs"},"content":{"rendered":"<p align=\"JUSTIFY\"><span style=\"color: #000000;\"><span style=\"font-family: Calibri,sans-serif;\"><span style=\"font-size: medium;\">\u00a0\u00a0\u00a0<\/span><\/span><\/span><span style=\"color: #800000;\"><em> \u00ab\u00a0Nos films sont toujours pour nous un acte militant, un engagement profond, par lequel nous voulons rendre hommage \u00e0 la dignit\u00e9 de personnes en lutte avec la soci\u00e9t\u00e9 ou avec elles-m\u00eame. Filmer des \u00eatres qui r\u00e9sistent, qui r\u00eavent, qui esp\u00e8rent. Donner la parole aux humbles et laisser appara\u00eetre leur d\u00e9sir de soci\u00e9t\u00e9 plus juste, d&rsquo;y avoir une place d\u00e9pourvue d&rsquo;\u00e9tiquette stigmatisante.\u00a0\u00a0\u00a0\u00a0\u00a0\u00a0\u00a0\u00a0\u00a0\u00a0\u00a0\u00a0\u00a0\u00a0\u00a0\u00a0\u00a0\u00a0\u00a0\u00a0\u00a0\u00a0\u00a0\u00a0\u00a0\u00a0\u00a0\u00a0\u00a0\u00a0\u00a0\u00a0\u00a0\u00a0\u00a0\u00a0\u00a0\u00a0\u00a0\u00a0\u00a0\u00a0\u00a0\u00a0\u00a0\u00a0\u00a0\u00a0\u00a0\u00a0\u00a0\u00a0\u00a0\u00a0\u00a0\u00a0\u00a0\u00a0\u00a0\u00a0\u00a0\u00a0\u00a0\u00a0\u00a0\u00a0\u00a0\u00a0\u00a0\u00a0\u00a0\u00a0\u00a0\u00a0\u00a0\u00a0\u00a0\u00a0\u00a0\u00a0 Ces films ne sont probablement que des gouttes d&rsquo;eau, fragiles et \u00e9ph\u00e9m\u00e8res. Peut-\u00eatre servent-ils juste \u00e0 d\u00e9caler un peu certains regards trop charg\u00e9s de pr\u00e9jug\u00e9s. Nous n&rsquo;avons pas la pr\u00e9tention de changer le cours des choses, mais nous y accordons une part de notre vie, avec joies, angoisses, doutes, mais aussi avec la profonde conviction que c&rsquo;est ce qui nous relie le mieux au monde.\u00a0\u00bb <\/em><\/span><\/p>\n<p style=\"text-align: justify;\"><img loading=\"lazy\" decoding=\"async\" class=\"alignnone wp-image-24 size-large\" src=\"https:\/\/www.ondesfragiles.delautrecote.fr\/wp-content\/uploads\/2014\/08\/francoise+regis-1024x448.jpg\" alt=\"francoise+regis\" width=\"584\" height=\"255\" srcset=\"https:\/\/www.ondesfragiles.delautrecote.fr\/wp-content\/uploads\/2014\/08\/francoise+regis-1024x448.jpg 1024w, https:\/\/www.ondesfragiles.delautrecote.fr\/wp-content\/uploads\/2014\/08\/francoise+regis-300x131.jpg 300w, https:\/\/www.ondesfragiles.delautrecote.fr\/wp-content\/uploads\/2014\/08\/francoise+regis-500x219.jpg 500w\" sizes=\"auto, (max-width: 584px) 100vw, 584px\" \/><\/p>\n<p style=\"text-align: justify;\">R\u00e9gis Blanchard et Fran\u00e7oise Bouard sont tous les deux n\u00e9s en Vend\u00e9e durant le bel \u00e9t\u00e9 de 1972. En 1995, de retour de deux ann\u00e9es pass\u00e9es en Turquie o\u00f9 il \u00e9tait marchand de tapis avec les Kurdes d&rsquo;Eph\u00e8se, R\u00e9gis rencontre Fran\u00e7oise et son d\u00e9sir de cin\u00e9ma documentaire.<\/p>\n<p style=\"text-align: justify;\">Autodidactes, ils entament alors une suite de films documentaires consacr\u00e9s \u00e0 la Turquie et \u00e0 ses enjeux d\u00e9mocratiques, sociaux et culturels.<\/p>\n<p align=\"JUSTIFY\">Dans <em><strong>Y\u00fbr\u00fc\u00a0!<\/strong><\/em> (1997-59 min), ils s&rsquo;int\u00e9ressent au difficile parcours d\u2019\u00e9mancipation d&rsquo;une jeune femme de la communaut\u00e9 turque de Vannes. Avec <em><strong>Un hiver \u00e0 Istanbul<\/strong><\/em> (2001-61 min), ils abordent la situation complexe et douloureuse de militants politiques marxistes et kurdes \u00e0 Istanbul, \u00e0 l&rsquo;\u00e9poque o\u00f9 les prisonniers politique font ce qu&rsquo;ils appellent le \u00ab\u00a0je\u00fbne de la mort\u00a0\u00bb. <em><strong>Sur la faille<\/strong><\/em> (2004-63 min) est un film un peu diff\u00e9rent o\u00f9 ils reviennent sur les traces du s\u00e9isme d\u2019Izmit en 1999, \u00e0 la recherche des survivants qu&rsquo;ils avaient rencontr\u00e9s au moment du tremblement. <em><strong>Les couleurs lointaines du bonheur<\/strong><\/em> (2009 &#8211; 85min) les plonge dans le combat identitaire de 2 jeunes kurdes exil\u00e9s \u00e0 Istanbul, dans une Turquie qui nie leurs droits et leur diff\u00e9rence.<\/p>\n<p style=\"text-align: justify;\">Devenus jeunes parents, ils d\u00e9cident d&rsquo;explorer de nouveaux territoires plus proches, \u00e0 travers des films dans lesquels se jouent des enjeux collectifs et individuels forts et intimement li\u00e9s : l&rsquo;exp\u00e9rience collective de l&rsquo;\u00e9criture th\u00e9\u00e2trale avec <strong><em>M\u00eame pas peur <\/em><\/strong>(2010 &#8211; 88 min), et aujourd&rsquo;hui la survie d&rsquo;une radio d&rsquo;int\u00e9r\u00eat g\u00e9n\u00e9ral et la question de la normalit\u00e9 dans la soci\u00e9t\u00e9 avec Ondes fragiles.<\/p>\n<p style=\"text-align: justify;\">Parall\u00e8lement, ils m\u00e8nent dans leur r\u00e9gion des ateliers de cr\u00e9ation documentaire tout public avec un fort engagement social. Fran\u00e7oise est aussi cadreuse et monteuse.<\/p>\n<p style=\"text-align: justify;\">\n","protected":false},"excerpt":{"rendered":"<p>\u00a0\u00a0\u00a0 \u00ab\u00a0Nos films sont toujours pour nous un acte militant, un engagement profond, par lequel nous voulons rendre hommage \u00e0 la dignit\u00e9 de personnes en lutte avec la soci\u00e9t\u00e9 ou avec elles-m\u00eame. Filmer des \u00eatres qui r\u00e9sistent, qui r\u00eavent, qui &hellip; <a href=\"https:\/\/www.ondesfragiles.delautrecote.fr\/?page_id=23\">Continuer la lecture <span class=\"meta-nav\">&rarr;<\/span><\/a><\/p>\n","protected":false},"author":1,"featured_media":0,"parent":0,"menu_order":0,"comment_status":"closed","ping_status":"closed","template":"","meta":{"footnotes":""},"class_list":["post-23","page","type-page","status-publish","hentry"],"_links":{"self":[{"href":"https:\/\/www.ondesfragiles.delautrecote.fr\/index.php?rest_route=\/wp\/v2\/pages\/23","targetHints":{"allow":["GET"]}}],"collection":[{"href":"https:\/\/www.ondesfragiles.delautrecote.fr\/index.php?rest_route=\/wp\/v2\/pages"}],"about":[{"href":"https:\/\/www.ondesfragiles.delautrecote.fr\/index.php?rest_route=\/wp\/v2\/types\/page"}],"author":[{"embeddable":true,"href":"https:\/\/www.ondesfragiles.delautrecote.fr\/index.php?rest_route=\/wp\/v2\/users\/1"}],"replies":[{"embeddable":true,"href":"https:\/\/www.ondesfragiles.delautrecote.fr\/index.php?rest_route=%2Fwp%2Fv2%2Fcomments&post=23"}],"version-history":[{"count":8,"href":"https:\/\/www.ondesfragiles.delautrecote.fr\/index.php?rest_route=\/wp\/v2\/pages\/23\/revisions"}],"predecessor-version":[{"id":279,"href":"https:\/\/www.ondesfragiles.delautrecote.fr\/index.php?rest_route=\/wp\/v2\/pages\/23\/revisions\/279"}],"wp:attachment":[{"href":"https:\/\/www.ondesfragiles.delautrecote.fr\/index.php?rest_route=%2Fwp%2Fv2%2Fmedia&parent=23"}],"curies":[{"name":"wp","href":"https:\/\/api.w.org\/{rel}","templated":true}]}}

Les réalisateurs

<p align="JUSTIFY"><span style="color: #000000;"><span style="font-family: Calibri,sans-serif;"><span style="font-size: medium;">   </span></span></span><span style="color: #800000;"><em> « Nos films sont toujours pour nous un acte militant, un engagement profond, par lequel nous voulons rendre hommage à la dignité de personnes en lutte avec la société ou avec elles-même. Filmer des êtres qui résistent, qui rêvent, qui espèrent. Donner la parole aux humbles et laisser apparaître leur désir de société plus juste, d&rsquo;y avoir une place dépourvue d&rsquo;étiquette stigmatisante.                                                                                 Ces films ne sont probablement que des gouttes d&rsquo;eau, fragiles et éphémères. Peut-être servent-ils juste à décaler un peu certains regards trop chargés de préjugés. Nous n&rsquo;avons pas la prétention de changer le cours des choses, mais nous y accordons une part de notre vie, avec joies, angoisses, doutes, mais aussi avec la profonde conviction que c&rsquo;est ce qui nous relie le mieux au monde. » </em></span></p>
<p style="text-align: justify;"><img loading="lazy" decoding="async" class="alignnone wp-image-24 size-large" src="https://www.ondesfragiles.delautrecote.fr/wp-content/uploads/2014/08/francoise+regis-1024x448.jpg" alt="francoise+regis" width="584" height="255" srcset="https://www.ondesfragiles.delautrecote.fr/wp-content/uploads/2014/08/francoise+regis-1024x448.jpg 1024w, https://www.ondesfragiles.delautrecote.fr/wp-content/uploads/2014/08/francoise+regis-300x131.jpg 300w, https://www.ondesfragiles.delautrecote.fr/wp-content/uploads/2014/08/francoise+regis-500x219.jpg 500w" sizes="auto, (max-width: 584px) 100vw, 584px" /></p>
<p style="text-align: justify;">Régis Blanchard et Françoise Bouard sont tous les deux nés en Vendée durant le bel été de 1972. En 1995, de retour de deux années passées en Turquie où il était marchand de tapis avec les Kurdes d&rsquo;Ephèse, Régis rencontre Françoise et son désir de cinéma documentaire.</p>
<p style="text-align: justify;">Autodidactes, ils entament alors une suite de films documentaires consacrés à la Turquie et à ses enjeux démocratiques, sociaux et culturels.</p>
<p align="JUSTIFY">Dans <em><strong>Yûrü !</strong></em> (1997-59 min), ils s&rsquo;intéressent au difficile parcours d’émancipation d&rsquo;une jeune femme de la communauté turque de Vannes. Avec <em><strong>Un hiver à Istanbul</strong></em> (2001-61 min), ils abordent la situation complexe et douloureuse de militants politiques marxistes et kurdes à Istanbul, à l&rsquo;époque où les prisonniers politique font ce qu&rsquo;ils appellent le « jeûne de la mort ». <em><strong>Sur la faille</strong></em> (2004-63 min) est un film un peu différent où ils reviennent sur les traces du séisme d’Izmit en 1999, à la recherche des survivants qu&rsquo;ils avaient rencontrés au moment du tremblement. <em><strong>Les couleurs lointaines du bonheur</strong></em> (2009 &#8211; 85min) les plonge dans le combat identitaire de 2 jeunes kurdes exilés à Istanbul, dans une Turquie qui nie leurs droits et leur différence.</p>
<p style="text-align: justify;">Devenus jeunes parents, ils décident d&rsquo;explorer de nouveaux territoires plus proches, à travers des films dans lesquels se jouent des enjeux collectifs et individuels forts et intimement liés : l&rsquo;expérience collective de l&rsquo;écriture théâtrale avec <strong><em>Même pas peur </em></strong>(2010 &#8211; 88 min), et aujourd&rsquo;hui la survie d&rsquo;une radio d&rsquo;intérêt général et la question de la normalité dans la société avec Ondes fragiles.</p>
<p style="text-align: justify;">Parallèlement, ils mènent dans leur région des ateliers de création documentaire tout public avec un fort engagement social. Françoise est aussi cadreuse et monteuse.</p>
<p style="text-align: justify;">

<p>    « Nos films sont toujours pour nous un acte militant, un engagement profond, par lequel nous voulons rendre hommage à la dignité de personnes en lutte avec la société ou avec elles-même. Filmer des êtres qui résistent, qui rêvent, qui &hellip; <a href="https://www.ondesfragiles.delautrecote.fr/?page_id=23">Continuer la lecture <span class="meta-nav">&rarr;</span></a></p>
